{"id":18,"date":"2014-04-17T06:53:43","date_gmt":"2014-04-17T06:53:43","guid":{"rendered":"http:\/\/kcb-bremerhaven.de\/?page_id=18"},"modified":"2026-03-14T15:24:16","modified_gmt":"2026-03-14T14:24:16","slug":"kontakt","status":"publish","type":"page","link":"https:\/\/kcb-bremerhaven.de\/?page_id=18","title":{"rendered":"Kontakt"},"content":{"rendered":"<p>Wenn Sie mehr \u00fcber den Verein wissen m\u00f6chten, so k\u00f6nnen Sie sich an folgende Personen wenden:<br \/>\nKontakte werden aktualisiert, nicht alle Vorstandsmitglieder sind im Moment \u00fcber die Homepage erreichbar<\/p>\n<address>&nbsp;<\/address>\n<address>1. Vorsitzende:<\/address>\n<address><a href=\"mailto:Vorsitz@kcb-bremerhaven.de\"><span style=\"text-decoration: underline; color: #0000ff;\"><strong>Gaby Eckmeier<\/strong><\/span><\/a><\/address>\n<address>Tel.:&nbsp; 0152-54196048<\/address>\n<address>&nbsp;<\/address>\n<address>Gesch\u00e4ftsf\u00fchrer:<\/address>\n<address><span style=\"text-decoration: underline; color: #0000ff;\"><a style=\"color: #0000ff;\" title=\"J\u00f6rg Duan\" href=\"mailto:Geschaeftsfuehrer@kcb-bremerhaven.de\"><b>J\u00f6rg Duan<\/b><\/a><\/span><\/address>\n<address>Tel.: 0471-9586085<\/address>\n<address>&nbsp;<\/address>\n<address>Wanderwart:<\/address>\n<address><span style=\"color: #0000ff;\"><a style=\"color: #0000ff;\" href=\"mailto:Wanderwart@kcb-bremerhaven.de\"><b><u>Richard Brinkmann<\/u><\/b><\/a><\/span><\/address>\n<address>Tel.: 0170-2960091<\/address>\n<address>&nbsp;<\/address>\n<address>Jugendwart:<\/address>\n<address><span style=\"color: #0000ff;\"><a style=\"color: #0000ff;\" href=\"mailto:Jugendwart@kcb-bremerhaven.de\"><span style=\"text-decoration: underline;\"><b>Lars Brinkmann<\/b><\/span><\/a><\/span><\/address>\n<address>Tel.: 0160-2147748<\/address>\n<address>&nbsp;<\/address>\n<address>Platz- und Ger\u00e4tewart:<\/address>\n<address><span style=\"color: #0000ff;\"><strong><span style=\"text-decoration: underline;\"><a style=\"color: #0000ff; text-decoration: underline;\" href=\"mailto:Platzwart@kcb-bremerhaven.de\">Thorsten Wedmann<\/a><\/span><\/strong><\/span><\/address>\n<address>Tel.: 0171-5277899<\/address>\n<address>&nbsp;<\/address>\n<address>Protokollf\u00fchrerin:<\/address>\n<address><span style=\"color: #0000ff;\"><a style=\"color: #0000ff;\" href=\"mailto:Protokoll@kcb-bremerhaven.de\"><b><u>Katharina Vangberg-Brinkmann<\/u><\/b><\/a><\/span><\/address>\n<address>Tel.: 0170-2959085<\/address>\n<address>&nbsp;<\/address>\n<address>Homepage:<\/address>\n<address>\n<address><span style=\"color: #0000ff;\"><a style=\"color: #0000ff;\" href=\"mailto:webmaster@kcb-bremerhaven.de\"><span style=\"text-decoration: underline;\"><b>Richard <\/b><\/span><span style=\"text-decoration: underline;\"><b>Brinkmann<\/b><\/span><\/a><\/span><\/address>\n<\/address>\n<address>Tel.: 0170-2960091<\/address>\n<address>&nbsp;<\/address>\n<address><b>unser Bootshaus:<\/b><\/address>\n<address>Am Luneort 2<\/address>\n<address>27572 Bremerhaven<\/address>\n<address>Koordinaten: 53.5095\u00b0 N \/ 8.5639\u00b0 O<\/address>\n<address><img loading=\"lazy\" decoding=\"async\" class=\"size-full wp-image-87 aligncenter\" style=\"border: 0px;\" src=\"https:\/\/kcb-bremerhaven.de\/wp-content\/uploads\/2014\/04\/Paddel3.jpg\" alt=\"Paddel3\" width=\"600\" height=\"47\" srcset=\"https:\/\/kcb-bremerhaven.de\/wp-content\/uploads\/2014\/04\/Paddel3.jpg 600w, https:\/\/kcb-bremerhaven.de\/wp-content\/uploads\/2014\/04\/Paddel3-300x23.jpg 300w\" sizes=\"auto, (max-width: 600px) 100vw, 600px\" \/><\/address>\n","protected":false},"excerpt":{"rendered":"<p>Wenn Sie mehr \u00fcber den Verein wissen m\u00f6chten, so k\u00f6nnen Sie sich an folgende Personen wenden: Kontakte werden aktualisiert, nicht alle Vorstandsmitglieder sind im Moment \u00fcber die Homepage erreichbar &nbsp; 1. Vorsitzende: Gaby Eckmeier Tel.:&nbsp; 0152-54196048 &nbsp; Gesch\u00e4ftsf\u00fchrer: J\u00f6rg Duan Tel.: 0471-9586085 &nbsp; Wanderwart: Richard Brinkmann Tel.: 0170-2960091 &nbsp; Jugendwart: Lars Brinkmann Tel.: 0160-2147748 &nbsp; &hellip; <\/p>\n<p><a class=\"more-link btn\" href=\"https:\/\/kcb-bremerhaven.de\/?page_id=18\">Weiterlesen<\/a><\/p>\n","protected":false},"author":3,"featured_media":0,"parent":0,"menu_order":0,"comment_status":"closed","ping_status":"closed","template":"","meta":{"ngg_post_thumbnail":0,"footnotes":""},"class_list":["post-18","page","type-page","status-publish","hentry","nodate","item-wrap"],"_links":{"self":[{"href":"https:\/\/kcb-bremerhaven.de\/index.php?rest_route=\/wp\/v2\/pages\/18","targetHints":{"allow":["GET"]}}],"collection":[{"href":"https:\/\/kcb-bremerhaven.de\/index.php?rest_route=\/wp\/v2\/pages"}],"about":[{"href":"https:\/\/kcb-bremerhaven.de\/index.php?rest_route=\/wp\/v2\/types\/page"}],"author":[{"embeddable":true,"href":"https:\/\/kcb-bremerhaven.de\/index.php?rest_route=\/wp\/v2\/users\/3"}],"replies":[{"embeddable":true,"href":"https:\/\/kcb-bremerhaven.de\/index.php?rest_route=%2Fwp%2Fv2%2Fcomments&post=18"}],"version-history":[{"count":38,"href":"https:\/\/kcb-bremerhaven.de\/index.php?rest_route=\/wp\/v2\/pages\/18\/revisions"}],"predecessor-version":[{"id":832,"href":"https:\/\/kcb-bremerhaven.de\/index.php?rest_route=\/wp\/v2\/pages\/18\/revisions\/832"}],"wp:attachment":[{"href":"https:\/\/kcb-bremerhaven.de\/index.php?rest_route=%2Fwp%2Fv2%2Fmedia&parent=18"}],"curies":[{"name":"wp","href":"https:\/\/api.w.org\/{rel}","templated":true}]}}